nder when 57071 is divided by 56?
7
Calculate the remainder when 27013 is divided by 44.
41
What is the remainder when 3523 is divided by 1755?
13
What is the remainder when 19463 is divided by 1765?
48
Calculate the remainder when 13548 is divided by 397.
50
What is the remainder when 13493 is divided by 95?
3
What is the remainder when 27538 is divided by 510?
508
Calculate the remainder when 124412 is divided by 41.
18
Calculate the remainder when 94359 is divided by 13475.
34
What is the remainder when 11704 is divided by 2922?
16
Calculate the remainder when 278183 is divided by 92720.
23
What is the remainder when 32633 is divided by 37?
36
What is the remainder when 432425 is divided by 2079?
2072
What is the remainder when 69844 is divided by 28?
12
What is the remainder when 45747 is divided by 172?
167
Calculate the remainder when 5158 is divided by 413.
202
What is the remainder when 10993 is divided by 2191?
38
What is the remainder when 12729021 is divided by 902?
899
Calculate the remainder when 716 is divided by 657.
59
Calculate the remainder when 8010 is divided by 693.
387
Calculate the remainder when 44522 is divided by 65.
62
Calculate the remainder when 1712352 is divided by 28.
12
Calculate the remainder when 275344 is divided by 137652.
40
What is the remainder when 8597 is divided by 141?
137
What is the remainder when 40732 is divided by 40709?
23
What is the remainder when 18657 is divided by 4344?
1281
Calculate the remainder when 4388 is divided by 109.
28
Calculate the remainder when 1577563 is divided by 10517.
13
Calculate the remainder when 728390 is divided by 1527.
11
Calculate the remainder when 897 is divided by 467.
430
Calculate the remainder when 13203 is divided by 83.
6
Calculate the remainder when 14362 is divided by 224.
26
What is the remainder when 183378 is divided by 4366?
6
What is the remainder when 753916 is divided by 8?
4
Calculate the remainder when 1955 is divided by 1732.
223
What is the remainder when 5720 is divided by 183?
47
Calculate the remainder when 225305 is divided by 2299.
3
Calculate the remainder when 45233 is divided by 260.
253
What is the remainder when 294545 is divided by 147269?
7
Calculate the remainder when 128054 is divided by 5.
4
Calculate the remainder when 2266 is divided by 758.
750
Calculate the remainder when 352 is divided by 130.
92
Calculate the remainder when 104575 is divided by 128.
127
Calculate the remainder when 3832 is divided by 188.
72
Calculate the remainder when 18592 is divided by 326.
10
Calculate the remainder when 535 is divided by 203.
129
What is the remainder when 6530 is divided by 6103?
427
Calculate the remainder when 103577 is divided by 69.
8
What is the remainder when 39814 is divided by 1243?
38
Calculate the remainder when 21771 is divided by 10818.
135
Calculate the remainder when 1408 is divided by 282.
280
Calculate the remainder when 54221 is divided by 2259.
5
Calculate the remainder when 492226 is divided by 36.
34
Calculate the remainder when 87247 is divided by 1856.
15
Calculate the remainder when 29 is divided by 9.
2
Calculate the remainder when 76164 is divided by 93.
90
Calculate the remainder when 103 is divided by 63.
40
What is the remainder when 24612 is divided by 81?
69
What is the remainder when 377373 is divided by 16407?
12
Calculate the remainder when 122318 is divided by 212.
206
Calculate the remainder when 99 is divided by 27.
18
Calculate the remainder when 1957458 is divided by 18.
12
Calculate the remainder when 791620 is divided by 442.
440
What is the remainder when 773093 is divided by 41?
38
What is the remainder when 5854 is divided by 190?
154
What is the remainder when 1941632 is divided by 41?
36
What is the remainder when 37213 is divided by 32?
29
What is the remainder when 64447 is divided by 21?
19
What is the remainder when 93519 is divided by 334?
333
Calculate the remainder when 378539 is divided by 404.
395
Calculate the remainder when 2594 is divided by 710.
464
Calculate the remainder when 499 is divided by 183.
133
Calculate the remainder when 4233 is divided by 106.
99
What is the remainder when 259516 is divided by 14?
12
Calculate the remainder when 193327 is divided by 10175.
2
Calculate the remainder when 12365 is divided by 247.
15
Calculate the remainder when 219484 is divided by 69.
64
Calculate the remainder when 19026 is divided by 19003.
23
What is the remainder when 25384 is divided by 31?
26
Calculate the remainder when 7614988 is divided by 457.
454
What is the remainder when 783 is divided by 293?
197
Calculate the remainder when 112270 is divided by 16034.
32
What is the remainder when 34373 is divided by 201?
2
Calculate the remainder when 2197 is divided by 68.
21
Calculate the remainder when 1413 is divided by 50.
13
Calculate the remainder when 4862 is divided by 35.
32
What is the remainder when 2125 is divided by 21?
4
What is the remainder when 40443 is divided by 487?
22
Calculate the remainder when 9127696 is divided by 634.
632
Calculate the remainder when 657049 is divided by 170.
169
What is the remainder when 1785164 is divided by 552?
548
What is the remainder when 101894 is divided by 645?
629
Calculate the remainder when 11653 is divided by 105.
103
What is the remainder when 111721 is divided by 9309?
13
Calculate the remainder when 156873 is divided by 371.
311
What is the remainder when 814939 is divided by 1135?
9
What is the remainder when 108794 is divided by 88?
26
What is the remainder when 2160 is divided by 50?
10
What is the remainder when 38992 is divided by 9?
4
Calculate the remainder when 45629 is divided by 123.
119
Calculate the remainder when 3701 is divided by 34.
29
Calculate the remainder when 124594 is divided by 140.
134
What is the remainder when 12481 is divided by 519?
25
Calculate the remainder when 902 is divided by 392.
118
Calculate the remainder when 3723 is divided by 18.
15
What is the remainder when 155471 is divided by 355?
336
Calculate the remainder when 4414 is divided by 476.
130
What is the remainder when 216429 is divided by 7?
3
What is the remainder when 19360 is divided by 26?
16
Calculate the remainder when 4215 is divided by 720.
615
Calculate the remainder when 14163 is divided by 253.
248
Calculate the remainder when 63780 is divided by 21256.
12
Calculate the remainder when 109598 is divided by 32.
30
Calculate the remainder when 8278 is divided by 54.
16
Calculate the remainder when 1489 is divided by 72.
49
Calculate the remainder when 55268 is divided by 6907.
12
What is the remainder when 335 is divided by 98?
41
Calculate the remainder when 24418 is divided by 555.
553
What is the remainder when 6402 is divided by 207?
192
What is the remainder when 217 is divided by 60?
37
Calculate the remainder when 1230681 is divided by 401.
12
Calculate the remainder when 1647425 is divided by 687.
686
Calculate the remainder when 893379 is divided by 38.
37
Calculate the remainder when 1087 is divided by 1053.
34
Calculate the remainder when 24402 is divided by 585.
417
What is the remainder when 31383 is divided by 11?
0
What is the remainder when 69599 is divided by 2494?
2261
What is the remainder when 91778 is divided by 52?
50
Calculate the remainder when 49407 is divided by 20.
7
Calculate the remainder when 21656 is divided by 112.
40
Calculate the remainder when 136747 is divided by 1232.
1227
What is the remainder when 5248 is divided by 210?
208
Calculate the remainder when 5576 is divided by 328.
0
Calculate the remainder when 2315 is divided by 1087.
141
Calculate the remainder when 19168 is divided by 9581.
6
What is the remainder when 45840 is divided by 229?
40
Calculate the remainder when 220795 is divided by 82.
51
Calculate the remainder when 7123 is divided by 446.
433
Calculate the remainder when 4021 is divided by 66.
61
Calculate the remainder when 14302 is divided by 1785.
22
What is the remainder when 4364 is divided by 275?
239
Calculate the remainder when 11706 is divided by 403.
19
Calculate the remainder when 22537 is divided by 11248.
41
What is the remainder when 1294991 is divided by 782?
781
Calculate the remainder when 9266 is divided by 3079.
29
What is the remainder when 1